 s - 5*r - 415 = -4*s, -r = -5*s + 431. Calculate the remainder when s is divided by j.
27
Let y(q) = 12*q - 2. Let i = 1723 - 1395. What is the remainder when i is divided by y(1)?
8
Suppose 15*u + 1334 - 13173 = 1196. What is the remainder when u is divided by 29?
28
Let b(d) = -d**3 + 24*d**2 + 57*d + 1. Let p be b(25). Let o = 913 - p. Calculate the remainder when o is divided by 22.
2
Let u = 17 - 32. Suppose -80*h - 90 = -98*h. What is the remainder when h is divided by (-5)/(u/(-6))*-2?
1
Let j be 1 - (-6 - -4)*16. Suppose -h + 4*b - 1 = -5, 0 = 4*h + b - j. Suppose -3*n + 1386 = h*n. Calculate the remainder when n is divided by 43.
40
Suppose -470 = -5*x + 10*y - 15*y, -4*x + 412 = -2*y. Suppose 0 = 5*v - 15, -3*c + 207 = -7*c + v. Let b = c + x. What is the remainder when b is divided by 5?
4
What is the remainder when 28/5*(-70)/(-4) is divided by ((-19)/(-95))/(-6 - (-728)/120)?
2
Suppose -154*g + 5703 + 27418 = -13079. What is the remainder when g is divided by 140?
20
Let q(h) = -55*h - 50. Let z be q(-16). Suppose 285*m + z = 295*m. Calculate the remainder when 323 is divided by m.
74
Calculate the remainder when 343 - (-39)/65*5 is divided by 32.
26
Let z = 406 + -132. What is the remainder when z is divided by (-2)/(-14) - 304/(-28)?
10
Calculate the remainder when (-6)/33 - 4/((-220)/5565) is divided by 62.
39
Suppose 4*c = 36 - 0. Suppose -13*b + 56 = -c*b. Suppose 0 = w - 0*w - b. Calculate the remainder when 38 is divided by w.
10
Suppose 4*d - 32 = -5*q, 5*q - 29 = 2*d + 15. Suppose -63*b + 62*b + 27 = 0. What is the remainder when 48 + 1 + q/4 is divided by b?
24
Let d = 19 - -69. Let l = -157 + 187. Calculate the remainder when d is divided by l.
28
Suppose 4*i = 35 + 9. Let g = -12 + 15. What is the remainder when (-4 + g - -1) + 86 is divided by i?
9
Calculate the remainder when 115 is divided by (-130)/(-9) - 0 - 288/648.
3
Suppose -2*o - 4*q + 3720 = 0, -2*q - 3035 = -2*o + 673. Suppose -o = 58*m - 66*m. What is the remainder when m is divided by 41?
27
Suppose 7*s = 24*s - 3435 - 339. What is the remainder when s is divided by 54?
6
Suppose -2*b + 9 = 5*u - 33, -5*u = 5*b - 30. Suppose 113 = u*v - 37. Calculate the remainder when v is divided by 10.
5
Let w = 296 + -327. Let q(d) = -d**2 - 37*d - 51. What is the remainder when q(w) is divided by 14?
9
Let p(r) = -1963*r - 7571. Let t = 23 + -4. Calculate the remainder when p(-4) is divided by t.
15
Let g = 58 + -25. Let l be (6 - 4)/((-3)/(30/(-4))). What is the remainder when g is divided by l + 65/(7 - 2)?
15
Suppose 0 = w + 2*l - 1213, 149*l - 3632 = -3*w + 150*l. Calculate the remainder when w is divided by 35.
21
Suppose 0*v = -3*v - 3*b + 591, v - 5*b - 173 = 0. Calculate the remainder when v is divided by 93.
7
Suppose 4*i = 2*i + 2*z + 14, -4*z - 12 = 4*i. Suppose o = -0*b + 2*b - 12, -3*o - 20 = -i*b. What is the remainder when 10 is divided by b?
2
Calculate the remainder when 384 is divided by (-4)/(-10)*1*-520*(-19)/152.
20
Suppose v - i - 37 = 0, 14 = -5*i - 1. Suppose -v*r + 32*r = -40. Let d = 34 - r. What is the remainder when 36 is divided by d?
8
Suppose -3*g = -2*d + 863, -d = 4*g - 688 + 273. What is the remainder when d is divided by 48?
43
Let x = 20 - 23. Let q be -1 + -8 - (-2 - x)*-2. Calculate the remainder when ((-7)/q)/(2/174) is divided by 30.
27
Let v(l) = 3*l**2 + 70*l + 30. Let h be v(-23). Suppose -13*j = -h*j - 192. What is the remainder when j is divided by 14?
4
Suppose -3*j + 96 = 2*b, -4*b = -j - 110 - 110. What is the remainder when 125 is divided by b?
17
Suppose 5*z - y - 444 = 2*y, -3*y + 96 = z. What is the remainder when 100 is divided by z?
10
Let n be 1606/44*(2 - (-5 - -1)). Let b = -183 + n. What is the remainder when 67 is divided by b?
31
Suppose 23 - 113 = 5*j. Suppose -u + 54 = 2*l, l - 244 = -6*u + 5*l. What is the remainder when u is divided by (20/6)/((-4)/j)?
14
Let s = -3897 - -3910. Calculate the remainder when 542 is divided by s.
9
Let z = -2 + 11. Suppose 4*p - 8 = 3*n, 0 = 2*p - p + n - z. Suppose 4*o = -a + 47, 3*a - 78 = p*o - 22. What is the remainder when a is divided by 14?
13
What is the remainder when 42/84 + 942/4 is divided by 37?
14
Suppose 7*v - 32 - 115 = 0. Let z(n) = -n + 45. Calculate the remainder when z(8) is divided by v.
16
Suppose q - 5*n = 4*q - 4, -2*q + 3*n + 9 = 0. Suppose -1744 = -q*b - 5*u, -2*b = 3*u - 599 - 562. Calculate the remainder when b is divided by 48.
45
Suppose -12*k = -4*k - 584. Suppose -k*d + 69*d = -104. Calculate the remainder when (6 - 4)/((-1)/(-25)) is divided by d.
24
Let n(k) = k**3 + 5 - 4 + 3*k**2 - 5*k - 2*k + 2. Let x be n(-5). Let w(y) = y + 24. Calculate the remainder when w(x) is divided by 5.
2
Let p(w) = w**3 - 9*w**2 - 10*w + 12. Let a be -14 + 13 - (-4 - -1). Let l = 70 - a. Calculate the remainder when l is divided by p(10).
8
Suppose -2*o - 19 = -3*o. Suppose -o*i = 77 - 229. What is the remainder when 38 is divided by i?
6
Let r be 48/1 - (1 + 1). Suppose -3*a + 4*q + 42 = 0, -a + 5*q + 1 = -2. Let w = a + r. What is the remainder when w is divided by 22?
20
Let n = 3459 - 3440. What is the remainder when 586 is divided by n?
16
Suppose -u = -258 + 254. Suppose 21*i - 16*i = u*h - 156, 0 = i + 4. What is the remainder when 36 is divided by h?
2
Suppose -37*i + 55825 - 16920 + 227051 = 0. What is the remainder when i is divided by 7?
6
Suppose -7*i = -2*i + 20, -4*i - 68 = -4*o. Let k(r) = -3*r**2 - 8*r + 25. Let l be k(4). What is the remainder when (l/(-10))/(3/48) is divided by o?
10
Suppose 15*d - 10 = 5*d. What is the remainder when (-108)/63*(-49)/d is divided by 38?
8
Let p = -122 - -68. Let q = p - -49. Calculate the remainder when 71 is divided by (6/q)/(4/(-20)).
5
What is the remainder when (-3170)/(-13) + 33/(9867/46) is divided by 47?
9
Let j(c) = -14*c**2 + 6*c - 1. Let s be j(4). Let u = -177 - s. Calculate the remainder when 66 is divided by u.
18
What is the remainder when 227 is divided by (16 - 20)*(-5)/((-20)/(-91))?
45
Suppose 3084*m = 3104*m - 500. Suppose 1803 = 3*o - 2*w, -3*o + 5*w + 0*w + 1812 = 0. Calculate the remainder when o is divided by m.
24
Calculate the remainder when (12/6)/((-4)/(-98)) is divided by (-15)/(-2)*(15 + 387/(-27)).
4
Let g = -1 + 5. Let j(p) = -p**3 + 4*p**2 + 3*p - 1. What is the remainder when (6 - 3 - -1)*350/40 is divided by j(g)?
2
Calculate the remainder when (0 - (-22)/(-99)) + 812/9 is divided by 6.
0
Let o = -628 - -708. What is the remainder when 635 is divided by o?
75
Let c = -3476 + 3498. Calculate the remainder when 8730 is divided by c.
18
Let k = 159 + -146. Suppose s + 4*i + k = 0, -5*s - 3*i = -3*s + 6. Suppose -227 = -s*g - 71. Calculate the remainder when g is divided by 28.
24
Let p = 1728 - 1659. Let z(s) be the second derivative of -s**5/20 - 2*s**4/3 - s**3/2 - 5*s**2 + 3*s. What is the remainder when p is divided by z(-8)?
13
Suppose -27*j = -26*j - 1660 - 815. What is the remainder when j is divided by 248?
243
Let v = 2033 + -2028. Let m(l) = -219*l + 3. Let b be m(-3). Suppose -v*k - b = -11*k. What is the remainder when k is divided by 14?
12
Let d(k) = -k + 2. Let h be d(9). What is the remainder when 517 is divided by -1 - 5 - (h + -39)?
37
Suppose -1762 + 652 = -5*x. Let d = -158 + x. Calculate the remainder when d is divided by 18.
10
Suppose 5*s + 5137 - 1020 = 4*m, 6 = 2*s. Calculate the remainder when m is divided by 189.
88
Let v = 8433 + -8369. What is the remainder when v is divided by 7?
1
Let y(t) = -t**3 + 8*t**2 - 3*t + 8. Let v be y(6). Suppose 73*j = v*j + 957. Calculate the remainder when j is divided by 47.
40
Let d(x) = 19*x + 20. Let b be d(-2). What is the remainder when 2/b - (-55248)/54 is divided by 57?
54
Suppose -44 = -22*d + 22. Suppose d*j + 44 = 3*l - 112, -2*j = -3*l + 161. Calculate the remainder when 149 is divided by l.
35
Suppose 17907 - 1296 = 49*d. Calculate the remainder when 455 is divided by d.
116
Suppose 5*x - 3*h + 100 = 0, 0 = 3*x + 39*h - 37*h + 41. Calculate the remainder when 403 is divided by (-1)/7 - x/((-357)/(-2166)).
94
Suppose 3*n - 7*n = -288. Suppose 5*z = -35, 2*j = -4*z + 7*z + 585. What is the remainder when j is divided by n?
66
Calculate the remainder when 5575 is divided by (-1*(-1)/(-3))/((-57299)/2046 